{"id":88,"date":"2026-01-10T13:57:41","date_gmt":"2026-01-10T13:57:41","guid":{"rendered":"https:\/\/aufildeleau31.fr\/?page_id=88"},"modified":"2026-01-18T11:02:25","modified_gmt":"2026-01-18T11:02:25","slug":"le-coach","status":"publish","type":"page","link":"https:\/\/aufildeleau31.fr\/index.php\/le-coach\/","title":{"rendered":"Votre coach"},"content":{"rendered":"\n<div class=\"wp-block-columns is-layout-flex wp-container-core-columns-is-layout-28f84493 wp-block-columns-is-layout-flex\">\n<div class=\"wp-block-column is-layout-flow wp-block-column-is-layout-flow\">\n<h2 class=\"wp-block-heading\">Arnaud PENENT<\/h2>\n\n\n\n<h4 class=\"wp-block-heading\"><strong>Titulaire d&rsquo;un BPJEPS Moniteur, Guide de p\u00eache<\/strong><\/h4>\n\n\n\n<p><strong>Animateur f\u00e9d\u00e9ral et responsable d\u2019un p\u00f4le animation d\u00e9partemental pendant 20 ans<\/strong>, je propose des animations de p\u00eache ludiques et p\u00e9dagogiques. J\u2019accueille petits et grands sur un site s\u00e9curis\u00e9, unique et exclusif, situ\u00e9 \u00e0 30 minutes de Toulouse.<\/p>\n\n\n\n<blockquote class=\"wp-block-quote is-layout-flow wp-block-quote-is-layout-flow\">\n<blockquote class=\"wp-block-quote is-layout-flow wp-block-quote-is-layout-flow\">\n<p>\u00ab\u00a0La p\u00eache a toujours \u00e9t\u00e9 pour moi un pr\u00e9texte pour \u00eatre dehors, au contact de la nature. J\u2019aime transmettre ma passion en simplifiant mon approche, tout en respectant la nature et les poissons.\u00a0\u00bb <\/p>\n\n\n\n<div class=\"wp-block-buttons is-content-justification-center is-layout-flex wp-container-core-buttons-is-layout-a89b3969 wp-block-buttons-is-layout-flex\">\n<div class=\"wp-block-button\"><a class=\"wp-block-button__link wp-element-button\" href=\"tel:0685206467\"><strong>\ud83d\udcde Plus d&rsquo;informations<\/strong><\/a><\/div>\n<\/div>\n<\/blockquote>\n<\/blockquote>\n\n\n\n<figure class=\"wp-block-image aligncenter size-large\"><img loading=\"lazy\" decoding=\"async\" width=\"1024\" height=\"751\" src=\"https:\/\/aufildeleau31.fr\/wp-content\/uploads\/2026\/01\/IMG_20211119_180656-2-1024x751.jpg\" alt=\"\" class=\"wp-image-104\" srcset=\"https:\/\/aufildeleau31.fr\/wp-content\/uploads\/2026\/01\/IMG_20211119_180656-2-1024x751.jpg 1024w, https:\/\/aufildeleau31.fr\/wp-content\/uploads\/2026\/01\/IMG_20211119_180656-2-300x220.jpg 300w, https:\/\/aufildeleau31.fr\/wp-content\/uploads\/2026\/01\/IMG_20211119_180656-2-768x563.jpg 768w, https:\/\/aufildeleau31.fr\/wp-content\/uploads\/2026\/01\/IMG_20211119_180656-2-1536x1127.jpg 1536w, https:\/\/aufildeleau31.fr\/wp-content\/uploads\/2026\/01\/IMG_20211119_180656-2-2048x1502.jpg 2048w\" sizes=\"auto, (max-width: 1024px) 100vw, 1024px\" \/><\/figure>\n\n\n\n<figure class=\"wp-block-image aligncenter size-large is-resized\"><img loading=\"lazy\" decoding=\"async\" width=\"677\" height=\"508\" src=\"https:\/\/aufildeleau31.fr\/wp-content\/uploads\/2026\/01\/image0000001-2.jpg\" alt=\"\" class=\"wp-image-103\" style=\"aspect-ratio:1.3326661530302464;width:1023px;height:auto\" srcset=\"https:\/\/aufildeleau31.fr\/wp-content\/uploads\/2026\/01\/image0000001-2.jpg 677w, https:\/\/aufildeleau31.fr\/wp-content\/uploads\/2026\/01\/image0000001-2-300x225.jpg 300w\" sizes=\"auto, (max-width: 677px) 100vw, 677px\" \/><\/figure>\n<\/div>\n<\/div>\n","protected":false},"excerpt":{"rendered":"<p>Arnaud PENENT Titulaire d&rsquo;un BPJEPS Moniteur, Guide de p\u00eache Animateur f\u00e9d\u00e9ral et responsable d\u2019un p\u00f4le animation d\u00e9partemental pendant 20 ans, je propose des animations de p\u00eache ludiques et p\u00e9dagogiques. J\u2019accueille petits et grands sur un site s\u00e9curis\u00e9, unique et exclusif, situ\u00e9 \u00e0 30 minutes de Toulouse. \u00ab\u00a0La p\u00eache a toujours \u00e9t\u00e9 pour moi un pr\u00e9texte [&hellip;]<\/p>\n","protected":false},"author":1,"featured_media":0,"parent":0,"menu_order":0,"comment_status":"closed","ping_status":"closed","template":"","meta":{"footnotes":""},"class_list":["post-88","page","type-page","status-publish","hentry"],"_links":{"self":[{"href":"https:\/\/aufildeleau31.fr\/index.php\/wp-json\/wp\/v2\/pages\/88","targetHints":{"allow":["GET"]}}],"collection":[{"href":"https:\/\/aufildeleau31.fr\/index.php\/wp-json\/wp\/v2\/pages"}],"about":[{"href":"https:\/\/aufildeleau31.fr\/index.php\/wp-json\/wp\/v2\/types\/page"}],"author":[{"embeddable":true,"href":"https:\/\/aufildeleau31.fr\/index.php\/wp-json\/wp\/v2\/users\/1"}],"replies":[{"embeddable":true,"href":"https:\/\/aufildeleau31.fr\/index.php\/wp-json\/wp\/v2\/comments?post=88"}],"version-history":[{"count":17,"href":"https:\/\/aufildeleau31.fr\/index.php\/wp-json\/wp\/v2\/pages\/88\/revisions"}],"predecessor-version":[{"id":323,"href":"https:\/\/aufildeleau31.fr\/index.php\/wp-json\/wp\/v2\/pages\/88\/revisions\/323"}],"wp:attachment":[{"href":"https:\/\/aufildeleau31.fr\/index.php\/wp-json\/wp\/v2\/media?parent=88"}],"curies":[{"name":"wp","href":"https:\/\/api.w.org\/{rel}","templated":true}]}}